te the remainder when 6818886 is divided by 33.
30
Calculate the remainder when 6015 is divided by 25.
15
Calculate the remainder when 1581 is divided by 10.
1
Calculate the remainder when 29749 is divided by 313.
14
What is the remainder when 4653 is divided by 664?
5
What is the remainder when 47512 is divided by 198?
190
Calculate the remainder when 49199 is divided by 1200.
1199
Calculate the remainder when 249740 is divided by 124769.
202
What is the remainder when 53159 is divided by 35?
29
What is the remainder when 919 is divided by 250?
169
Calculate the remainder when 182 is divided by 162.
20
Calculate the remainder when 5352 is divided by 1070.
2
Calculate the remainder when 2083 is divided by 38.
31
What is the remainder when 1622 is divided by 488?
158
What is the remainder when 10472 is divided by 3488?
8
What is the remainder when 9422 is divided by 1182?
1148
Calculate the remainder when 4348 is divided by 211.
128
Calculate the remainder when 33752 is divided by 95.
27
What is the remainder when 5259 is divided by 5252?
7
What is the remainder when 34897 is divided by 1598?
1339
Calculate the remainder when 435240 is divided by 279.
0
What is the remainder when 77236 is divided by 63?
61
What is the remainder when 124623 is divided by 354?
15
Calculate the remainder when 7043 is divided by 799.
651
Calculate the remainder when 9704 is divided by 389.
368
What is the remainder when 42988 is divided by 6?
4
What is the remainder when 21018 is divided by 17?
6
What is the remainder when 44411 is divided by 105?
101
Calculate the remainder when 22658 is divided by 34.
14
What is the remainder when 27033 is divided by 65?
58
What is the remainder when 1211 is divided by 789?
422
What is the remainder when 17822 is divided by 934?
76
What is the remainder when 48574 is divided by 12?
10
Calculate the remainder when 773723 is divided by 427.
426
Calculate the remainder when 100377 is divided by 31.
30
What is the remainder when 13296 is divided by 122?
120
What is the remainder when 7349 is divided by 816?
5
Calculate the remainder when 1454568 is divided by 871.
869
What is the remainder when 83 is divided by 53?
30
What is the remainder when 24198 is divided by 245?
188
What is the remainder when 508765 is divided by 516?
505
What is the remainder when 3413 is divided by 1677?
59
What is the remainder when 3557 is divided by 123?
113
What is the remainder when 155699 is divided by 1497?
11
What is the remainder when 104505 is divided by 34832?
9
What is the remainder when 12600 is divided by 134?
4
What is the remainder when 12728 is divided by 4215?
83
What is the remainder when 5485 is divided by 2710?
65
Calculate the remainder when 8379 is divided by 107.
33
What is the remainder when 195823 is divided by 8?
7
Calculate the remainder when 1109 is divided by 1106.
3
What is the remainder when 1345 is divided by 242?
135
What is the remainder when 638160 is divided by 76?
64
Calculate the remainder when 4958 is divided by 99.
8
What is the remainder when 1406 is divided by 42?
20
What is the remainder when 22832 is divided by 7610?
2
Calculate the remainder when 3209 is divided by 364.
297
Calculate the remainder when 731199 is divided by 100.
99
What is the remainder when 902709 is divided by 2024?
5
What is the remainder when 11698 is divided by 315?
43
Calculate the remainder when 428 is divided by 190.
48
What is the remainder when 14581 is divided by 250?
81
What is the remainder when 13698 is divided by 110?
58
What is the remainder when 8660 is divided by 8055?
605
Calculate the remainder when 42169 is divided by 25.
19
What is the remainder when 3995 is divided by 346?
189
What is the remainder when 620 is divided by 222?
176
What is the remainder when 2887 is divided by 562?
77
Calculate the remainder when 93169 is divided by 63.
55
What is the remainder when 18899 is divided by 1354?
1297
Calculate the remainder when 19207 is divided by 24.
7
What is the remainder when 17607 is divided by 8768?
71
What is the remainder when 7541 is divided by 1884?
5
Calculate the remainder when 8588 is divided by 189.
83
Calculate the remainder when 7963 is divided by 502.
433
Calculate the remainder when 11300 is divided by 1629.
1526
What is the remainder when 12369 is divided by 67?
41
What is the remainder when 3514 is divided by 1087?
253
What is the remainder when 9259 is divided by 4629?
1
Calculate the remainder when 4136 is divided by 3703.
433
Calculate the remainder when 20223 is divided by 72.
63
What is the remainder when 6960 is divided by 1723?
68
Calculate the remainder when 71788 is divided by 28.
24
Calculate the remainder when 12357 is divided by 1119.
48
What is the remainder when 1390445 is divided by 42?
35
Calculate the remainder when 436 is divided by 271.
165
What is the remainder when 10333 is divided by 32?
29
What is the remainder when 4166 is divided by 692?
14
Calculate the remainder when 1614 is divided by 64.
14
Calculate the remainder when 599871 is divided by 447.
444
Calculate the remainder when 1583 is divided by 40.
23
What is the remainder when 10653 is divided by 18?
15
Calculate the remainder when 7976 is divided by 17.
3
What is the remainder when 117562 is divided by 291?
289
What is the remainder when 6763 is divided by 225?
13
Calculate the remainder when 17724 is divided by 2954.
0
Calculate the remainder when 5152 is divided by 1707.
31
Calculate the remainder when 74863 is divided by 21.
19
What is the remainder when 3151 is divided by 675?
451
What is the remainder when 70350 is divided by 41?
35
What is the remainder when 143630 is divided by 752?
750
Calculate the remainder when 44897 is divided by 542.
453
What is the remainder when 4894 is divided by 75?
19
Calculate the remainder when 103773 is divided by 282.
279
What is the remainder when 5108 is divided by 529?
347
Calculate the remainder when 7571 is divided by 710.
471
Calculate the remainder when 64234 is divided by 106.
104
What is the remainder when 276869 is divided by 66?
65
What is the remainder when 9618 is divided by 129?
72
Calculate the remainder when 21993 is divided by 26.
23
Calculate the remainder when 232582 is divided by 8302.
126
What is the remainder when 20789 is divided by 87?
83
What is the remainder when 2531559 is divided by 634?
631
Calculate the remainder when 57600 is divided by 115.
100
What is the remainder when 684 is divided by 108?
36
Calculate the remainder when 40021 is divided by 476.
37
Calculate the remainder when 234758 is divided by 89.
65
Calculate the remainder when 39762 is divided by 497.
2
Calculate the remainder when 849 is divided by 588.
261
Calculate the remainder when 2478 is divided by 1172.
134
Calculate the remainder when 2853984 is divided by 1285.
1284
Calculate the remainder when 13056 is divided by 436.
412
What is the remainder when 128961 is divided by 66?
63
What is the remainder when 1631 is divided by 23?
21
Calculate the remainder when 3444 is divided by 244.
28
Calculate the remainder when 83068 is divided by 251.
238
Calculate the remainder when 8082 is divided by 94.
92
Calculate the remainder when 7978 is divided by 600.
178
What is the remainder when 22137 is divided by 699?
468
What is the remainder when 171710 is divided by 16?
14
Calculate the remainder when 11194 is divided by 466.
10
Calculate the remainder when 47823 is divided by 64.
15
What is the remainder when 423419 is divided by 141132?
23
Calculate the remainder when 388406 is divided by 388373.
33
Calculate the remainder when 3024179 is divided by 1590.
1589
What is the remainder when 166164 is divided by 1045?
9
Calculate the remainder when 3179 is divided by 884.
527
Calculate the remainder when 4504 is divided by 23.
19
Calculate the remainder when 66347 is divided by 1383.
1346
What is the remainder when 7814 is divided by 519?
29
What is the remainder when 1067029 is divided by 69?
13
What is the remainder when 7226 is divided by 704?
186
What is the remainder when 1931591 is divided by 52?
51
What is the remainder when 3620 is divided by 211?
33
Calculate the remainder when 101811 is divided by 7831.
8
What is the remainder when 2916 is divided by 2735?
181
What is the remainder when 6330